{"id":48,"date":"2016-03-21T13:19:38","date_gmt":"2016-03-21T13:19:38","guid":{"rendered":"http:\/\/dinescu-ing.de\/?page_id=48"},"modified":"2017-01-04T14:51:25","modified_gmt":"2017-01-04T14:51:25","slug":"unternehmen","status":"publish","type":"page","link":"https:\/\/dinescu-ing.de\/?page_id=48","title":{"rendered":"Unternehmen"},"content":{"rendered":"<p>\t\t\t\t<img src=\"http:\/\/dinescu-ing.de\/wp-content\/uploads\/2016\/03\/circuit-board-973311_1280.jpg\" alt=\"circuit-board-973311_1280\" itemprop=\"image\"  \/><\/p>\n<h3 style=\"text-align: center;\">Regelger\u00e4te<\/h3>\n<p style=\"text-align: center;\">Grunds\u00e4tzlich kann man die von uns z.Zt. hergestellten Antriebsger\u00e4te in folgende Baureihen unterteilen :<\/p>\n<p style=\"text-align: left;\"><strong>1 \u2013 Baureihe ARI 200<\/strong> <strong>: <\/strong>Regelger\u00e4te f\u00fcr Gleichstrom- Permanent- und Nebenschlussmotoren, in Einbau-Ausf\u00fchrung, 1-Q Betrieb, Europaformat, Versorgung: 230 VAC, Thyristortechnik<\/p>\n<p style=\"text-align: left;\"><strong>2 \u2013 Baureihe ARI 300 :<\/strong> Regelger\u00e4te f\u00fcr Gleichstrom-Permanentmotoren, in Einbau-Ausf\u00fchrung, 1-Q Betrieb , Europaformat, Versorgung: 18-45 VDC, Transistortechnik<\/p>\n<p style=\"text-align: left;\"><strong>3 \u2013 Baureihe ARI 500 :<\/strong> Frequenzumrichter f\u00fcr Drehstrommotoren in Einbau-Ausf\u00fchrung, m\u00f6glicher 4-Q Betrieb, Europaformat, Versorgun : 115\/230 VAC, Transistortechnik<\/p>\n<p style=\"text-align: left;\"><strong>4 \u2013 Baureihe ARI 600 : <\/strong>Ger\u00e4te der Baureihe ARI 200 in Geh\u00e4use-Ausf\u00fchrung IP 65 bzw. IP 40 als R\/L Ausf\u00fchrung<\/p>\n<p style=\"text-align: center;\"><strong>Falls unsere Leistungs- und Produktpalette Ihr Interesse geweckt hat, stehen wir Ihnen selbstverst\u00e4ndlich mit weiteren technischen und kaufm\u00e4nnischen Informationen gerne zur Verf\u00fcgung, auch ein Besuch in Ihrem Hause ist nach Absprache m\u00f6glich.<\/strong><\/p>\n<p>\t\t\t\t<img src=\"http:\/\/dinescu-ing.de\/wp-content\/uploads\/2016\/06\/solder-1038522_1920.jpg\" alt=\"solder-1038522_1920\" itemprop=\"image\"  \/><\/p>\n","protected":false},"excerpt":{"rendered":"<p>Regelger\u00e4te Grunds\u00e4tzlich kann man die von uns z.Zt. hergestellten Antriebsger\u00e4te in folgende Baureihen unterteilen : 1 \u2013 Baureihe ARI 200 : Regelger\u00e4te f\u00fcr Gleichstrom- Permanent- und Nebenschlussmotoren, in Einbau-Ausf\u00fchrung, 1-Q Betrieb, Europaformat, Versorgung: 230 VAC, Thyristortechnik 2 \u2013 Baureihe ARI 300 : Regelger\u00e4te f\u00fcr Gleichstrom-Permanentmotoren, in Einbau-Ausf\u00fchrung, 1-Q Betrieb , Europaformat, Versorgung: 18-45 VDC, Transistortechnik&#8230;<\/p>\n","protected":false},"author":1,"featured_media":0,"parent":0,"menu_order":0,"comment_status":"closed","ping_status":"closed","template":"full-width-page.php","meta":[],"acf":[],"_links":{"self":[{"href":"https:\/\/dinescu-ing.de\/index.php?rest_route=\/wp\/v2\/pages\/48"}],"collection":[{"href":"https:\/\/dinescu-ing.de\/index.php?rest_route=\/wp\/v2\/pages"}],"about":[{"href":"https:\/\/dinescu-ing.de\/index.php?rest_route=\/wp\/v2\/types\/page"}],"author":[{"embeddable":true,"href":"https:\/\/dinescu-ing.de\/index.php?rest_route=\/wp\/v2\/users\/1"}],"replies":[{"embeddable":true,"href":"https:\/\/dinescu-ing.de\/index.php?rest_route=%2Fwp%2Fv2%2Fcomments&post=48"}],"version-history":[{"count":5,"href":"https:\/\/dinescu-ing.de\/index.php?rest_route=\/wp\/v2\/pages\/48\/revisions"}],"predecessor-version":[{"id":124,"href":"https:\/\/dinescu-ing.de\/index.php?rest_route=\/wp\/v2\/pages\/48\/revisions\/124"}],"wp:attachment":[{"href":"https:\/\/dinescu-ing.de\/index.php?rest_route=%2Fwp%2Fv2%2Fmedia&parent=48"}],"curies":[{"name":"wp","href":"https:\/\/api.w.org\/{rel}","templated":true}]}}